h(-3).
0
Let f(i) = -3*i - 5. Give f(-5).
10
Let g(k) = 10*k**2 + 5*k + 2. Determine g(-1).
7
Let q(k) = k**3 + 3*k**2 - 7*k + 7. Determine q(4).
91
Let v(d) = d**3 + 2*d**2 + 5*d + 10. Calculate v(-2).
0
Let f(g) = -65*g - 454. What is f(-7)?
1
Let t(x) = -4*x + 1. Determine t(4).
-15
Let y(h) = 10*h + 242. Give y(-26).
-18
Let z(o) = o**3 + 5*o**2 - 6*o - 2. Give z(-6).
-2
Let m(s) = -s**3 + 10*s**2 - 2*s + 5. What is m(10)?
-15
Let f(a) = -a**2 - 3*a. Determine f(-4).
-4
Let z(j) = j**3 - 14*j**2 + 16*j - 20. What is z(13)?
19
Let b(j) = 2*j**3 - 10*j**2 + 9*j - 2. What is b(4)?
2
Let u(z) = z**2 - 34*z + 9. What is u(34)?
9
Let w(j) = j + 4. Give w(-6).
-2
Let b(x) = -4*x**2 - 4*x + 8. What is b(2)?
-16
Let o(b) = -b**2 + 4*b - 3. Calculate o(0).
-3
Let y(w) = 6*w + 29. Calculate y(-22).
-103
Let x(g) = -g**2 - 102*g + 306. Give x(3).
-9
Let y(u) = -u**3 + 3*u - 1. What is y(-5)?
109
Let t(y) = -y**3 - 2*y**2 - 9*y - 10. Calculate t(-4).
58
Let w(u) = -u**3 - 36*u**2 - 32*u + 39. Calculate w(-35).
-66
Let i(g) = -g**2 + 19*g - 72. Give i(21).
-114
Let r(a) = 2*a + 8. What is r(2)?
12
Let k(r) = -9*r - 131. Calculate k(-15).
4
Let a(k) = -10*k - 304. What is a(-28)?
-24
Let p(h) = h**3 + 7*h**2 + h - 10. Give p(-6).
20
Let g(z) = z**2 - 14*z + 1. Calculate g(14).
1
Let g(o) = -189*o - 376. Calculate g(-2).
2
Let p(i) = -6*i + 23. Determine p(4).
-1
Let m(c) = -c**3 - 12*c**2 - c + 14. Give m(-12).
26
Let b(q) = q**3 - 5*q**2 + q + 4. What is b(5)?
9
Let p(c) = -c**3 - 18*c**2 - 14*c + 44. Give p(-17).
-7
Let d(s) = s**3 - 11*s**2 - 12*s + 9. What is d(12)?
9
Let q(b) = b**3 - 22*b**2 + 2*b - 70. Give q(22).
-26
Let h(u) = u**2 + 5*u - 7. What is h(-5)?
-7
Let s(b) = -b - 28. What is s(-8)?
-20
Let s(o) = 4*o**2 - 3*o + 2. Calculate s(2).
12
Let k(b) = -4*b**2 - 2*b - 1. Calculate k(-1).
-3
Let z(a) = a - 3. What is z(3)?
0
Let i(l) = 3*l**3 - 3*l**2 + 2. What is i(3)?
56
Let z(p) = -p + 1. Determine z(-4).
5
Let c(r) = r**2 + 3*r - 4. Give c(0).
-4
Let p(f) = -3*f**2 - 20*f + 20. Determine p(-9).
-43
Let v(c) = c**3 + 8*c**2 + 3*c + 2. Give v(-6).
56
Let z(k) = -5*k - 57. Calculate z(0).
-57
Let w(j) = j**3 - 3*j**2 + 2*j + 4. Give w(0).
4
Let r(x) = 4*x - 13. Calculate r(13).
39
Let q(o) = -8*o + 6. Determine q(-4).
38
Let t(d) = 2*d**3 - 3*d**2 - d - 4. What is t(3)?
20
Let r(p) = -2*p**2 + 7*p + 9. Give r(5).
-6
Let f(s) = -s**3 - 7*s**2 - 24*s - 60. Give f(-5).
10
Let z(x) = 5*x - 3. Determine z(1).
2
Let p(x) = x**2 - 4*x. Calculate p(3).
-3
Let k(d) = 55*d**2 - d - 1. Calculate k(-1).
55
Let a(s) = 2*s**2 - 6*s + 2. Determine a(6).
38
Let a(f) = f - 4. Give a(0).
-4
Let p(b) = 2*b + 6. Determine p(-5).
-4
Let f(t) = 24*t**2 + t + 2. Determine f(-2).
96
Let u(y) = y**3 - 8*y**2 - 9*y + 21. Calculate u(9).
21
Let q(w) = 7*w + 165. Calculate q(-23).
4
Let f(w) = -w**2 - 5*w - 4. Calculate f(4).
-40
Let p(i) = -i**2 - 36*i - 294. Calculate p(-12).
-6
Let x(v) = v + 11. Calculate x(-11).
0
Let s(z) = z**3 + 3*z**2 - 22*z - 56. What is s(-5)?
4
Let p(x) = -x**2 - 8*x - 7. Determine p(-7).
0
Let g(w) = w**3 - 5*w**2 - 7*w + 14. Determine g(6).
8
Let f(n) = n**3 + 4*n**2 - n - 120. Determine f(0).
-120
Let k(a) = -18*a + 1. What is k(-2)?
37
Let o(q) = q**2 - 9*q - 7. Calculate o(10).
3
Let c(k) = -k**2 - 7*k + 15. Calculate c(-10).
-15
Let g(u) = -u**3 + 7*u**2 + 5*u - 62. Give g(6).
4
Let h(n) = -13*n + 182. Give h(14).
0
Let j(m) = m. What is j(-2)?
-2
Let q(k) = -k**2 + 30*k + 208. What is q(36)?
-8
Let z(c) = 2*c + 5. Give z(-2).
1
Let t(b) = b**3 + 12*b**2 + 25*b - 2. What is t(-3)?
4
Let l(w) = 12*w**3 - 2*w**2 - w + 5. Determine l(2).
91
Let i(w) = -w - 14. Give i(17).
-31
Let w(h) = -2*h**3 + 2*h**2 - 4*h + 3. Calculate w(2).
-13
Let b(q) = q**2 + 3*q + 3. Calculate b(-3).
3
Let n(g) = -g**2 - 17*g - 82. Give n(-11).
-16
Let o(h) = -7*h + 3. Determine o(4).
-25
Let h(m) = m - 4. Calculate h(7).
3
Let i(l) = 4*l**3 + 3*l**2 + 6*l - 7. Determine i(1).
6
Let x(z) = -8*z**3 + z**2 + z - 1. What is x(1)?
-7
Let v(s) = 3*s - 79. Give v(28).
5
Let b(x) = x**3 - 5*x**2 - 11*x + 51. Calculate b(5).
-4
Let j(z) = -z**3 - z**2 + 3. Determine j(3).
-33
Let z(q) = -5*q + 1. Determine z(1).
-4
Let l(r) = 5*r**2 - 31*r + 7. Determine l(5).
-23
Let o(u) = u**3 - u**2 - 8*u - 12. Give o(0).
-12
Let c(b) = -b**2 + 14*b + 7. Determine c(15).
-8
Let l(p) = p**2 + 39*p + 335. What is l(-26)?
-3
Let j(n) = n**3 + 4*n**2 - 16*n - 17. What is j(-6)?
7
Let d(a) = 8*a**2 + 170*a + 37. Calculate d(-21).
-5
Let v(c) = 19*c + 804. Calculate v(-42).
6
Let i(v) = -v**3 - 2*v**2 + 2*v - 10. What is i(-4)?
14
Let p(m) = 14*m - 5. Give p(2).
23
Let p(l) = l**2 + 13*l - 62. Calculate p(-17).
6
Let l(v) = -v**3 + 10*v**2 - 18*v. Give l(8).
-16
Let w(n) = 8*n - 37. What is w(12)?
59
Let a(t) = -6*t - 17. What is a(-4)?
7
Let u(q) = -2*q**2 + 15*q - 6. Calculate u(6).
12
Let w(z) = -z**2 - 23*z - 7. Calculate w(-23).
-7
Let j(z) = 8*z**2 - 2*z - 1. Determine j(2).
27
Let w(d) = d**3 - 11*d**2 + d - 14. Calculate w(11).
-3
Let b(t) = -5*t - 4. Calculate b(4).
-24
Let b(l) = l**3 - 16*l**2 + 20*l + 20. Calculate b(15).
95
Let k(y) = -y**3 - 27*y**2 - 28*y - 45. Calculate k(-26).
7
Let y(l) = -l**3 - 19*l**2 - 18*l - 20. Determine y(-18).
-20
Let q(d) = 5*d**2 + 118*d - 39. Calculate q(-24).
9
Let g(k) = 2*k - 17. Give g(-18).
-53
Let l(h) = h**2 + 18*h + 20. Determine l(-17).
3
Let h(f) = f**3 - 17*f**2 - 19*f + 23. Determine h(18).
5
Let r(c) = -13*c - 75. Determine r(-6).
3
Let c(h) = -h**2 + 18*h - 6. Give c(10).
74
Let g(z) = -z**3 - 5*z**2 - 3*z - 2. Give g(-3).
-11
Let a(o) = o - 22. Determine a(13).
-9
Let k(f) = f**3 + 6*f**2 + 6*f + 3. Calculate k(-3).
12
Let x(j) = j**3 + 46*j**2 + 45*j - 11. Determine x(-45).
-11
Let i(n) = n**3 - 33*n**2 + 31*n + 22. What is i(32)?
-10
Let i(d) = -d**3 - 25*d**2 - 24*d - 3. What is i(-24)?
-3
Let a(r) = r - 2. Determine a(-10).
-12
Let f(p) = -p**3 + 9*p**2 - 3*p - 17. Give f(7).
60
Let i(w) = w**3 + 7*w**2 + 7*w - 1. Determine i(-5).
14
Let f(b) = 2*b + 1. What is f(-4)?
-7
Let k(q) = q**3 - 11*q**2 - 13*q - 10. Determine k(12).
-22
Let u(j) = -j**3 - 9*j**2 - 22*j - 1. What is u(-5)?
9
Let g(x) = 6*x**2 - 2*x - 2. Calculate g(-2).
26
Let l(z) = -2*z**3 + 20*z**2 + z - 9. What is l(10)?
1
Let h(s) = -s + 40. Determine h(0).
40
Let o(i) = 4*i - 300. Give o(75).
0
Let q(t) = -t**2 + 17*t - 51. Calculate q(6).
15
Let w(y) = -y**2 - 35*y + 6. What is w(-35)?
6
Let l(n) = 29*n + 16. Give l(-3).
-71
Let d(j) = 2*j**2 + 4*j + 2. What is d(-3)?
8
Let w(m) = -m**3 + 8*m**2 - 7*m. What is w(7)?
0
Let s(j) = 6*j - 3. Calculate s(-5).
-33
Let o(w) = w**2 + 7*w - 31. What is o(3)?
-1
Let i(c) = c - 38. Give i(20).
-18
Let k(h) = h**2 + 5*h - 4. Determine k(-9).
32
Let i(x) = -x**2 + 20*x + 25. Calculate i(22).
-19
Let n(h) = -h**3 + 8*h**2 - 14*h - 10. Give n(4).
-2
Let u(w) = w**2 + 12*w - 3. Give u(-11).
-14
Let n(y) = y - 14. Give n(17).
3
Let z(a) = -5*a - 39. What is z(-7)?
-4
Let k(p) = -p - 1. Give k(7).
-8
Let y(h) = h**3 + 7*h**2 - 10*h + 10. Give y(-8).
26
Let t(f) = 10*f - 31. Determine t(-12).
-151
Let d(s) = 2*s**2 - 4*s + 4. Give d(3).
10
Let n(t) = -t**2 - 14*t. Determine n(-15).
-15
Let p(s) = -2*s**2 + 17*s - 17. Determine p(7).
4
Let y(m) = 2*m - 26. Determine y(13).
0
Let l(t) = -t**3 + 6*t**2 - t - 1. What is l(6)?
-7
Let z(o) = 3*o**3 + 3*o**2 + 4*o + 4. Determine z(-2).
-16
Let f(c) = 2*c**2 - 3*c - 3. Give f(-2).
11
Let m(q) = 5*q - 6. Give m(0).
-6
Let r(w) = -15*w + 205. Give r(13).
10
Let j(q) = 24*q - 9. Calculate j(0).
-9
Let y(l) = -l**3 - 3*l**2 + 4*l - 5. What is y(-4)?
-5
Let s(r) = -r. Calculate s(10).
-10
Let j(i) = -14*i - 7. What is j(-1)?
7
Let f(i) = -i**3 + 11*i**2 - 7*i - 4. Calculate f(10).
26
Let k(h) = -6*h**3 - h - 3. What is k(2)?
-53
Let q(t) = -13*t**3 - t**2 - t. Give q(-1).
13
Let j(f) = -11*f**3 - 2*f**2 + 2*f - 1. Calculate j(1).
-12
Let n(j) = -6*j**2 + 324*j - 5. Determine n(54).
-5
Let r(b) = 2*b + 56. Calculate r(-21).
14
Let z(n) = n**3 - 4*n**2 - 7*n + 2. Determine z(5).
-8
Let f(x) = -x**2 + 58*x + 532. Give f(66).
4
Let n(s) = s**2 - 4*s - 3. What is n(-3)?
18
Let a(o) = o**2 + 4*o - 15. Determine a(-6).
-3
Let p(r) = -r**2 + 30*r - 220. Determine p(19).
-11
Let c(f) = f**2 + 